{"id":38134,"date":"2025-07-02T21:33:55","date_gmt":"2025-07-02T21:33:55","guid":{"rendered":"https:\/\/abrirlink.com.br\/nutrate\/?page_id=38134"},"modified":"2025-07-02T21:39:03","modified_gmt":"2025-07-02T21:39:03","slug":"avaliacaoneuropsicologica","status":"publish","type":"page","link":"https:\/\/abrirlink.com.br\/nutrate\/avaliacaoneuropsicologica\/","title":{"rendered":"Avalia\u00e7\u00e3o Neuropsicol\u00f3gica"},"content":{"rendered":"\t\t<div data-elementor-type=\"wp-page\" data-elementor-id=\"38134\" class=\"elementor elementor-38134\">\n\t\t\t\t<div class=\"elementor-element elementor-element-fe01a67 e-con-full e-flex cmsmasters-block-default e-con e-parent\" data-id=\"fe01a67\" data-element_type=\"container\" data-e-type=\"container\" data-settings=\"{&quot;background_background&quot;:&quot;classic&quot;}\">\n\t\t\t\t<div class=\"elementor-element elementor-element-c20ff21 cmsmasters-block-default cmsmasters-sticky-default elementor-widget elementor-widget-heading\" data-id=\"c20ff21\" data-element_type=\"widget\" data-e-type=\"widget\" data-widget_type=\"heading.default\">\n\t\t\t\t<div class=\"elementor-widget-container\">\n\t\t\t\t\t<h2 class=\"elementor-heading-title elementor-size-default\">Avalia\u00e7\u00e3o Neuropsicol\u00f3gica<\/h2>\t\t\t\t<\/div>\n\t\t\t\t<\/div>\n\t\t\t\t<\/div>\n\t\t<div class=\"elementor-element elementor-element-2a6aa20 e-flex e-con-boxed cmsmasters-block-default e-con e-parent\" data-id=\"2a6aa20\" data-element_type=\"container\" data-e-type=\"container\">\n\t\t\t\t\t<div class=\"e-con-inner\">\n\t\t<div class=\"elementor-element elementor-element-b7fcc56 e-con-full e-flex cmsmasters-block-default e-con e-child\" data-id=\"b7fcc56\" data-element_type=\"container\" data-e-type=\"container\">\n\t\t\t\t<div class=\"elementor-element elementor-element-7574859 cmsmasters-block-default cmsmasters-sticky-default elementor-widget elementor-widget-image\" data-id=\"7574859\" data-element_type=\"widget\" data-e-type=\"widget\" data-widget_type=\"image.default\">\n\t\t\t\t<div class=\"elementor-widget-container\">\n\t\t\t\t\t\t\t\t\t\t\t\t\t\t\t<img fetchpriority=\"high\" decoding=\"async\" width=\"930\" height=\"686\" src=\"https:\/\/abrirlink.com.br\/nutrate\/wp-content\/uploads\/2025\/07\/Captura-de-Tela-2025-07-02-as-18.34.11.png\" class=\"attachment-full size-full wp-image-38136\" alt=\"\" srcset=\"https:\/\/abrirlink.com.br\/nutrate\/wp-content\/uploads\/2025\/07\/Captura-de-Tela-2025-07-02-as-18.34.11.png 930w, https:\/\/abrirlink.com.br\/nutrate\/wp-content\/uploads\/2025\/07\/Captura-de-Tela-2025-07-02-as-18.34.11-300x221.png 300w, https:\/\/abrirlink.com.br\/nutrate\/wp-content\/uploads\/2025\/07\/Captura-de-Tela-2025-07-02-as-18.34.11-768x567.png 768w, https:\/\/abrirlink.com.br\/nutrate\/wp-content\/uploads\/2025\/07\/Captura-de-Tela-2025-07-02-as-18.34.11-407x300.png 407w, https:\/\/abrirlink.com.br\/nutrate\/wp-content\/uploads\/2025\/07\/Captura-de-Tela-2025-07-02-as-18.34.11-600x443.png 600w\" sizes=\"(max-width: 930px) 100vw, 930px\" \/>\t\t\t\t\t\t\t\t\t\t\t\t\t\t\t<\/div>\n\t\t\t\t<\/div>\n\t\t\t\t<\/div>\n\t\t<div class=\"elementor-element elementor-element-612eed9 e-con-full e-flex cmsmasters-block-default e-con e-child\" data-id=\"612eed9\" data-element_type=\"container\" data-e-type=\"container\">\n\t\t\t\t<div class=\"elementor-element elementor-element-b142cae cmsmasters-block-default cmsmasters-sticky-default elementor-widget elementor-widget-text-editor\" data-id=\"b142cae\" data-element_type=\"widget\" data-e-type=\"widget\" data-widget_type=\"text-editor.default\">\n\t\t\t\t<div class=\"elementor-widget-container\">\n\t\t\t\t\t\t\t\t\t<div><h4>AVALIA\u00c7\u00c3O DE DESEMPENHO EM RELA\u00c7\u00c3O A SUA ATEN\u00c7\u00c3O, MEM\u00d3RIA, PLANEJAMENTO, ENTRE OUTRAS FUN\u00c7\u00d5ES COGNITIVAS<\/h4><\/div><div>A avalia\u00e7\u00e3o neuropsicol\u00f3gica \u00e9 um exame que tem como objetivo investigar os aspectos cognitivos, emocionais e comportamentais do paciente. Esse exame mensura e descreve o perfil de desempenho cognitivo, avaliando suspeitas de altera\u00e7\u00f5es que podem ser decorrentes de desordens neurol\u00f3gicas ou outros transtornos.<\/div><div>\u00a0<\/div><div>Algumas condi\u00e7\u00f5es que afetam a qualidade de vida necessitam de uma investiga\u00e7\u00e3o profunda das fun\u00e7\u00f5es cognitivas, como mem\u00f3ria, linguagem e concentra\u00e7\u00e3o. Por meio de entrevistas e testes neuropsicol\u00f3gicos padronizados, o psic\u00f3logo pode investigar o funcionamento cognitivo e estabelecer as habilidades e dificuldades espec\u00edficas de uma pessoa. Isso ajuda no planejamento da interven\u00e7\u00e3o e na defini\u00e7\u00e3o do melhor tratamento para a condi\u00e7\u00e3o apresentada.<\/div><div>\u00a0<\/div><div>Ficou interessado? Entre em contato com a nossa equipe.<\/div>\t\t\t\t\t\t\t\t<\/div>\n\t\t\t\t<\/div>\n\t\t\t\t<\/div>\n\t\t\t\t\t<\/div>\n\t\t\t\t<\/div>\n\t\t\t\t<\/div>\n\t\t","protected":false},"excerpt":{"rendered":"<p>Avalia\u00e7\u00e3o Neuropsicol\u00f3gica AVALIA\u00c7\u00c3O DE DESEMPENHO EM RELA\u00c7\u00c3O A SUA ATEN\u00c7\u00c3O, MEM\u00d3RIA, PLANEJAMENTO, ENTRE OUTRAS FUN\u00c7\u00d5ES COGNITIVAS A avalia\u00e7\u00e3o neuropsicol\u00f3gica \u00e9 um exame que tem como objetivo investigar os aspectos cognitivos, emocionais e comportamentais do paciente. Esse exame mensura e descreve o perfil de desempenho cognitivo, avaliando suspeitas de altera\u00e7\u00f5es que podem ser decorrentes de desordens&#8230;<\/p>\n","protected":false},"author":1,"featured_media":0,"parent":0,"menu_order":0,"comment_status":"closed","ping_status":"closed","template":"","meta":{"_acf_changed":false,"footnotes":""},"class_list":["post-38134","page","type-page","status-publish","hentry"],"acf":[],"_links":{"self":[{"href":"https:\/\/abrirlink.com.br\/nutrate\/wp-json\/wp\/v2\/pages\/38134","targetHints":{"allow":["GET"]}}],"collection":[{"href":"https:\/\/abrirlink.com.br\/nutrate\/wp-json\/wp\/v2\/pages"}],"about":[{"href":"https:\/\/abrirlink.com.br\/nutrate\/wp-json\/wp\/v2\/types\/page"}],"author":[{"embeddable":true,"href":"https:\/\/abrirlink.com.br\/nutrate\/wp-json\/wp\/v2\/users\/1"}],"replies":[{"embeddable":true,"href":"https:\/\/abrirlink.com.br\/nutrate\/wp-json\/wp\/v2\/comments?post=38134"}],"version-history":[{"count":6,"href":"https:\/\/abrirlink.com.br\/nutrate\/wp-json\/wp\/v2\/pages\/38134\/revisions"}],"predecessor-version":[{"id":38145,"href":"https:\/\/abrirlink.com.br\/nutrate\/wp-json\/wp\/v2\/pages\/38134\/revisions\/38145"}],"wp:attachment":[{"href":"https:\/\/abrirlink.com.br\/nutrate\/wp-json\/wp\/v2\/media?parent=38134"}],"curies":[{"name":"wp","href":"https:\/\/api.w.org\/{rel}","templated":true}]}}