{"id":38128,"date":"2025-07-08T13:46:03","date_gmt":"2025-07-08T13:46:03","guid":{"rendered":"https:\/\/abrirlink.com.br\/nutrate\/?page_id=38128"},"modified":"2025-08-08T12:02:43","modified_gmt":"2025-08-08T12:02:43","slug":"a-nutrate","status":"publish","type":"page","link":"https:\/\/abrirlink.com.br\/nutrate\/a-nutrate\/","title":{"rendered":"A Nutrate"},"content":{"rendered":"\t\t<div data-elementor-type=\"wp-page\" data-elementor-id=\"38128\" class=\"elementor elementor-38128\">\n\t\t\t\t<div class=\"elementor-element elementor-element-fe01a67 e-con-full e-flex cmsmasters-block-default e-con e-parent\" data-id=\"fe01a67\" data-element_type=\"container\" data-e-type=\"container\" data-settings=\"{&quot;background_background&quot;:&quot;classic&quot;}\">\n\t\t\t\t<div class=\"elementor-element elementor-element-c20ff21 cmsmasters-block-default cmsmasters-sticky-default elementor-widget elementor-widget-heading\" data-id=\"c20ff21\" data-element_type=\"widget\" data-e-type=\"widget\" data-widget_type=\"heading.default\">\n\t\t\t\t<div class=\"elementor-widget-container\">\n\t\t\t\t\t<h2 class=\"elementor-heading-title elementor-size-default\">Quem somos<\/h2>\t\t\t\t<\/div>\n\t\t\t\t<\/div>\n\t\t\t\t<\/div>\n\t\t<div class=\"elementor-element elementor-element-2a6aa20 e-flex e-con-boxed cmsmasters-block-default e-con e-parent\" data-id=\"2a6aa20\" data-element_type=\"container\" data-e-type=\"container\">\n\t\t\t\t\t<div class=\"e-con-inner\">\n\t\t<div class=\"elementor-element elementor-element-b7fcc56 e-con-full e-flex cmsmasters-block-default e-con e-child\" data-id=\"b7fcc56\" data-element_type=\"container\" data-e-type=\"container\">\n\t\t\t\t<div class=\"elementor-element elementor-element-7574859 cmsmasters-block-default cmsmasters-sticky-default elementor-widget elementor-widget-image\" data-id=\"7574859\" data-element_type=\"widget\" data-e-type=\"widget\" data-widget_type=\"image.default\">\n\t\t\t\t<div class=\"elementor-widget-container\">\n\t\t\t\t\t\t\t\t\t\t\t\t\t\t\t<img fetchpriority=\"high\" decoding=\"async\" width=\"1096\" height=\"618\" src=\"https:\/\/abrirlink.com.br\/nutrate\/wp-content\/uploads\/2025\/07\/Captura-de-Tela-2025-07-02-as-18.09.51.png\" class=\"attachment-full size-full wp-image-38067\" alt=\"\" srcset=\"https:\/\/abrirlink.com.br\/nutrate\/wp-content\/uploads\/2025\/07\/Captura-de-Tela-2025-07-02-as-18.09.51.png 1096w, https:\/\/abrirlink.com.br\/nutrate\/wp-content\/uploads\/2025\/07\/Captura-de-Tela-2025-07-02-as-18.09.51-300x169.png 300w, https:\/\/abrirlink.com.br\/nutrate\/wp-content\/uploads\/2025\/07\/Captura-de-Tela-2025-07-02-as-18.09.51-1024x577.png 1024w, https:\/\/abrirlink.com.br\/nutrate\/wp-content\/uploads\/2025\/07\/Captura-de-Tela-2025-07-02-as-18.09.51-768x433.png 768w, https:\/\/abrirlink.com.br\/nutrate\/wp-content\/uploads\/2025\/07\/Captura-de-Tela-2025-07-02-as-18.09.51-532x300.png 532w, https:\/\/abrirlink.com.br\/nutrate\/wp-content\/uploads\/2025\/07\/Captura-de-Tela-2025-07-02-as-18.09.51-600x338.png 600w\" sizes=\"(max-width: 1096px) 100vw, 1096px\" \/>\t\t\t\t\t\t\t\t\t\t\t\t\t\t\t<\/div>\n\t\t\t\t<\/div>\n\t\t\t\t<\/div>\n\t\t<div class=\"elementor-element elementor-element-612eed9 e-con-full e-flex cmsmasters-block-default e-con e-child\" data-id=\"612eed9\" data-element_type=\"container\" data-e-type=\"container\">\n\t\t\t\t<div class=\"elementor-element elementor-element-b142cae cmsmasters-block-default cmsmasters-sticky-default elementor-widget elementor-widget-text-editor\" data-id=\"b142cae\" data-element_type=\"widget\" data-e-type=\"widget\" data-widget_type=\"text-editor.default\">\n\t\t\t\t<div class=\"elementor-widget-container\">\n\t\t\t\t\t\t\t\t\t<div class=\"wpb_column vc_column_container col-sm-12 col-md-6\"><div class=\"wpb_wrapper\"><div class=\"wpb_text_column wpb_content_element \"><div class=\"wpb_wrapper\"><div class=\"texto_anutrate\"><p>A Nutrate Nutri\u00e7\u00e3o e Cl\u00ednica M\u00e9dica \u00e9 uma empresa que h\u00e1 11 anos est\u00e1 voltada para o est\u00edmulo a h\u00e1bitos de vida saud\u00e1veis. Estamos preocupados em atender nossos pacientes com o m\u00e1ximo de qualidade visando a preven\u00e7\u00e3o e o controle de doen\u00e7as. Sabemos que a m\u00e1 alimenta\u00e7\u00e3o, o sedentarismo e a falta de cuidados com a sa\u00fade s\u00e3o as principais causas de doen\u00e7as na nossa sociedade. E para que a Nutrate seja um benef\u00edcio em sua vida, contamos com uma equipe de profissionais especializados nas \u00e1reas de Nutri\u00e7\u00e3o, Endocrinologia, Psiquiatria, Psicologia e Educa\u00e7\u00e3o F\u00edsica que se colocam \u00e0 disposi\u00e7\u00e3o nas consultas.<\/p><p>Nosso principal objetivo \u00e9 o incentivo \u00e0 reeduca\u00e7\u00e3o alimentar, pr\u00e1tica correta de atividade f\u00edsica, controle dos riscos de doen\u00e7as cardiovasculares, metab\u00f3licas e cuidado na sa\u00fade mental, oferecendo assim uma melhor qualidade de vida aos nossos pacientes. Torne sua vida mais saud\u00e1vel!<\/p><p>Equipe Nutrate<\/p><\/div><\/div><\/div><\/div><\/div>\t\t\t\t\t\t\t\t<\/div>\n\t\t\t\t<\/div>\n\t\t\t\t<\/div>\n\t\t\t\t\t<\/div>\n\t\t\t\t<\/div>\n\t\t\t\t<\/div>\n\t\t","protected":false},"excerpt":{"rendered":"<p>Quem somos A Nutrate Nutri\u00e7\u00e3o e Cl\u00ednica M\u00e9dica \u00e9 uma empresa que h\u00e1 11 anos est\u00e1 voltada para o est\u00edmulo a h\u00e1bitos de vida saud\u00e1veis. Estamos preocupados em atender nossos pacientes com o m\u00e1ximo de qualidade visando a preven\u00e7\u00e3o e o controle de doen\u00e7as. Sabemos que a m\u00e1 alimenta\u00e7\u00e3o, o sedentarismo e a falta de&#8230;<\/p>\n","protected":false},"author":1,"featured_media":0,"parent":0,"menu_order":0,"comment_status":"closed","ping_status":"closed","template":"","meta":{"_acf_changed":false,"footnotes":""},"class_list":["post-38128","page","type-page","status-publish","hentry"],"acf":[],"_links":{"self":[{"href":"https:\/\/abrirlink.com.br\/nutrate\/wp-json\/wp\/v2\/pages\/38128","targetHints":{"allow":["GET"]}}],"collection":[{"href":"https:\/\/abrirlink.com.br\/nutrate\/wp-json\/wp\/v2\/pages"}],"about":[{"href":"https:\/\/abrirlink.com.br\/nutrate\/wp-json\/wp\/v2\/types\/page"}],"author":[{"embeddable":true,"href":"https:\/\/abrirlink.com.br\/nutrate\/wp-json\/wp\/v2\/users\/1"}],"replies":[{"embeddable":true,"href":"https:\/\/abrirlink.com.br\/nutrate\/wp-json\/wp\/v2\/comments?post=38128"}],"version-history":[{"count":4,"href":"https:\/\/abrirlink.com.br\/nutrate\/wp-json\/wp\/v2\/pages\/38128\/revisions"}],"predecessor-version":[{"id":38349,"href":"https:\/\/abrirlink.com.br\/nutrate\/wp-json\/wp\/v2\/pages\/38128\/revisions\/38349"}],"wp:attachment":[{"href":"https:\/\/abrirlink.com.br\/nutrate\/wp-json\/wp\/v2\/media?parent=38128"}],"curies":[{"name":"wp","href":"https:\/\/api.w.org\/{rel}","templated":true}]}}