{"id":35424,"date":"2024-06-05T18:09:28","date_gmt":"2024-06-05T18:09:28","guid":{"rendered":"https:\/\/theme-dev.cmsmasters.net\/renew-medical\/?page_id=35424"},"modified":"2025-09-01T16:35:50","modified_gmt":"2025-09-01T16:35:50","slug":"educadores-fisicos","status":"publish","type":"page","link":"https:\/\/abrirlink.com.br\/nutrate\/educadores-fisicos\/","title":{"rendered":"Educadores F\u00edsicos"},"content":{"rendered":"\t\t<div data-elementor-type=\"wp-page\" data-elementor-id=\"35424\" class=\"elementor elementor-35424\">\n\t\t\t\t<div class=\"elementor-element elementor-element-fe01a67 e-con-full e-flex cmsmasters-block-default e-con e-parent\" data-id=\"fe01a67\" data-element_type=\"container\" data-e-type=\"container\" data-settings=\"{&quot;background_background&quot;:&quot;classic&quot;}\">\n\t\t\t\t<div class=\"elementor-element elementor-element-c20ff21 cmsmasters-block-default cmsmasters-sticky-default elementor-widget elementor-widget-heading\" data-id=\"c20ff21\" data-element_type=\"widget\" data-e-type=\"widget\" data-widget_type=\"heading.default\">\n\t\t\t\t<div class=\"elementor-widget-container\">\n\t\t\t\t\t<h2 class=\"elementor-heading-title elementor-size-default\">Educadores F\u00edsicos<\/h2>\t\t\t\t<\/div>\n\t\t\t\t<\/div>\n\t\t\t\t<div class=\"elementor-element elementor-element-b53a268 cmsmasters-block-default cmsmasters-sticky-default elementor-widget elementor-widget-text-editor\" data-id=\"b53a268\" data-element_type=\"widget\" data-e-type=\"widget\" data-widget_type=\"text-editor.default\">\n\t\t\t\t<div class=\"elementor-widget-container\">\n\t\t\t\t\t\t\t\t\t<p>Conhe\u00e7a nossos especialistas<\/p>\t\t\t\t\t\t\t\t<\/div>\n\t\t\t\t<\/div>\n\t\t\t\t<div class=\"elementor-element elementor-element-02949ae cmsmasters-block-default cmsmasters-sticky-default elementor-widget elementor-widget-text-editor\" data-id=\"02949ae\" data-element_type=\"widget\" data-e-type=\"widget\" data-widget_type=\"text-editor.default\">\n\t\t\t\t<div class=\"elementor-widget-container\">\n\t\t\t\t\t\t\t\t\t<p>* n\u00e3o atendemos emerg\u00eancia<\/p>\t\t\t\t\t\t\t\t<\/div>\n\t\t\t\t<\/div>\n\t\t\t\t<\/div>\n\t\t<div class=\"elementor-element elementor-element-2a6aa20 e-flex e-con-boxed cmsmasters-block-default e-con e-parent\" data-id=\"2a6aa20\" data-element_type=\"container\" data-e-type=\"container\">\n\t\t\t\t\t<div class=\"e-con-inner\">\n\t\t<div class=\"elementor-element elementor-element-b7fcc56 e-con-full e-flex cmsmasters-block-default e-con e-child\" data-id=\"b7fcc56\" data-element_type=\"container\" data-e-type=\"container\">\n\t\t\t\t<div class=\"elementor-element elementor-element-7bab000 cmsmasters-block-default cmsmasters-sticky-default elementor-widget elementor-widget-heading\" data-id=\"7bab000\" data-element_type=\"widget\" data-e-type=\"widget\" data-widget_type=\"heading.default\">\n\t\t\t\t<div class=\"elementor-widget-container\">\n\t\t\t\t\t<h4 class=\"elementor-heading-title elementor-size-default\">Diego Miranda do Nascimento Motta<\/h4>\t\t\t\t<\/div>\n\t\t\t\t<\/div>\n\t\t\t\t<div class=\"elementor-element elementor-element-82b6248 cmsmasters-block-default cmsmasters-sticky-default elementor-widget elementor-widget-heading\" data-id=\"82b6248\" data-element_type=\"widget\" data-e-type=\"widget\" data-widget_type=\"heading.default\">\n\t\t\t\t<div class=\"elementor-widget-container\">\n\t\t\t\t\t<div class=\"elementor-heading-title elementor-size-default\">Educador F\u00edsico<\/div>\t\t\t\t<\/div>\n\t\t\t\t<\/div>\n\t\t\t\t<div class=\"elementor-element elementor-element-7960356 cmsmasters-block-default cmsmasters-sticky-default elementor-widget elementor-widget-text-editor\" data-id=\"7960356\" data-element_type=\"widget\" data-e-type=\"widget\" data-widget_type=\"text-editor.default\">\n\t\t\t\t<div class=\"elementor-widget-container\">\n\t\t\t\t\t\t\t\t\t<div class=\"wpb_column vc_column_container col-sm-6 col-md-6\"><div class=\"wpb_wrapper\"><div class=\"wpb_text_column wpb_content_element \"><div class=\"wpb_wrapper\"><div><ul><li>P\u00f3s-gradua\u00e7\u00e3o em Treinamento de For\u00e7a (muscula\u00e7\u00e3o) pela Universidade Federal do Rio de Janeiro \u2013 UFRJ<\/li><li>Graduado em Licenciatura plena em Educa\u00e7\u00e3o F\u00edsica pela Universidade Augusto Motta \u2013 UNISUAM<\/li><li>Curso PGPP \u2013 Prescri\u00e7\u00e3o de exerc\u00edcios na Gesta\u00e7\u00e3o e P\u00f3s-parto<\/li><li>Experi\u00eancia em Prescri\u00e7\u00e3o de treinamento e Avalia\u00e7\u00e3o f\u00edsica<\/li><li>Consulta com orienta\u00e7\u00f5es para treinamento funcional, exerc\u00edcios em casa, avalia\u00e7\u00e3o corporal (adipometria), prescri\u00e7\u00e3o de exerc\u00edcios para dentro e fora da academia.<\/li><li>Somente particular, valor 170,00<\/li><li>Atende a partir de 14 anos<\/li><li>Nutrate Centro<\/li><\/ul><\/div><\/div><\/div><\/div><\/div>\t\t\t\t\t\t\t\t<\/div>\n\t\t\t\t<\/div>\n\t\t\t\t<div class=\"elementor-element elementor-element-372859e cmsmasters-block-default cmsmasters-sticky-default elementor-widget elementor-widget-button\" data-id=\"372859e\" data-element_type=\"widget\" data-e-type=\"widget\" data-widget_type=\"button.default\">\n\t\t\t\t<div class=\"elementor-widget-container\">\n\t\t\t\t\t\t\t\t\t<div class=\"elementor-button-wrapper\">\n\t\t\t\t\t<a class=\"elementor-button elementor-button-link elementor-size-sm\" href=\"http:\/\/paciente.nutrate.com.br\/\">\n\t\t\t\t\t\t<span class=\"elementor-button-content-wrapper\">\n\t\t\t\t\t\t\t\t\t<span class=\"elementor-button-text\">Agende Online<\/span>\n\t\t\t\t\t<\/span>\n\t\t\t\t\t<\/a>\n\t\t\t\t<\/div>\n\t\t\t\t\t\t\t\t<\/div>\n\t\t\t\t<\/div>\n\t\t\t\t<div class=\"elementor-element elementor-element-7a8d7e8 cmsmasters-block-default cmsmasters-sticky-default elementor-widget elementor-widget-spacer\" data-id=\"7a8d7e8\" data-element_type=\"widget\" data-e-type=\"widget\" data-widget_type=\"spacer.default\">\n\t\t\t\t<div class=\"elementor-widget-container\">\n\t\t\t\t\t\t\t<div class=\"elementor-spacer\">\n\t\t\t<div class=\"elementor-spacer-inner\"><\/div>\n\t\t<\/div>\n\t\t\t\t\t\t<\/div>\n\t\t\t\t<\/div>\n\t\t\t\t<\/div>\n\t\t\t\t\t<\/div>\n\t\t\t\t<\/div>\n\t\t\t\t<\/div>\n\t\t","protected":false},"excerpt":{"rendered":"<p>Educadores F\u00edsicos Conhe\u00e7a nossos especialistas * n\u00e3o atendemos emerg\u00eancia Diego Miranda do Nascimento Motta Educador F\u00edsico P\u00f3s-gradua\u00e7\u00e3o em Treinamento de For\u00e7a (muscula\u00e7\u00e3o) pela Universidade Federal do Rio de Janeiro \u2013 UFRJ Graduado em Licenciatura plena em Educa\u00e7\u00e3o F\u00edsica pela Universidade Augusto Motta \u2013 UNISUAM Curso PGPP \u2013 Prescri\u00e7\u00e3o de exerc\u00edcios na Gesta\u00e7\u00e3o e P\u00f3s-parto Experi\u00eancia&#8230;<\/p>\n","protected":false},"author":1,"featured_media":0,"parent":0,"menu_order":0,"comment_status":"closed","ping_status":"closed","template":"","meta":{"_acf_changed":false,"footnotes":""},"class_list":["post-35424","page","type-page","status-publish","hentry"],"acf":[],"_links":{"self":[{"href":"https:\/\/abrirlink.com.br\/nutrate\/wp-json\/wp\/v2\/pages\/35424","targetHints":{"allow":["GET"]}}],"collection":[{"href":"https:\/\/abrirlink.com.br\/nutrate\/wp-json\/wp\/v2\/pages"}],"about":[{"href":"https:\/\/abrirlink.com.br\/nutrate\/wp-json\/wp\/v2\/types\/page"}],"author":[{"embeddable":true,"href":"https:\/\/abrirlink.com.br\/nutrate\/wp-json\/wp\/v2\/users\/1"}],"replies":[{"embeddable":true,"href":"https:\/\/abrirlink.com.br\/nutrate\/wp-json\/wp\/v2\/comments?post=35424"}],"version-history":[{"count":62,"href":"https:\/\/abrirlink.com.br\/nutrate\/wp-json\/wp\/v2\/pages\/35424\/revisions"}],"predecessor-version":[{"id":38493,"href":"https:\/\/abrirlink.com.br\/nutrate\/wp-json\/wp\/v2\/pages\/35424\/revisions\/38493"}],"wp:attachment":[{"href":"https:\/\/abrirlink.com.br\/nutrate\/wp-json\/wp\/v2\/media?parent=35424"}],"curies":[{"name":"wp","href":"https:\/\/api.w.org\/{rel}","templated":true}]}}